{"id":1657,"date":"2023-08-28T21:52:50","date_gmt":"2023-08-28T19:52:50","guid":{"rendered":"https:\/\/dwdjt.pl\/?page_id=1657"},"modified":"2025-05-21T12:15:46","modified_gmt":"2025-05-21T10:15:46","slug":"deklaracja-dostepnosci","status":"publish","type":"page","link":"https:\/\/dwdjt.pl\/?page_id=1657","title":{"rendered":"DEKLARACJA DOST\u0118PNO\u015aCI"},"content":{"rendered":"\n<h2 class=\"wp-block-heading\"><strong>Deklaracja dost\u0119pno\u015bci<\/strong><\/h2>\n\n\n\n<section id=\"a11y-wstep\">\n<p><span id=\"a11y-podmiot\">Dom Wczas\u00f3w Dzieci\u0119cych w Jod\u0142\u00f3wce Tuchowskiej<\/span> zobowi\u0105zuje si\u0119 zapewni\u0107 dost\u0119pno\u015b\u0107 swojej <span id=\"a11y-zakres\">strony internetowej<\/span> zgodnie z ustaw\u0105 z dnia 4 kwietnia 2019 r. o dost\u0119pno\u015bci cyfrowej stron internetowych i aplikacji mobilnych podmiot\u00f3w publicznych.<\/p>\n<\/section>\n\n\n\n<p>Deklaracja dost\u0119pno\u015bci dotyczy strony <a href=\"http:\/\/dwdjt.pl\" data-type=\"link\" data-id=\"dwdjt.pl\" id=\"a11y-url\">https:\/\/dwdjt.pl<\/a><\/p>\n\n\n\n<p>Data publikacji strony internetowej: <time id=\"a11y-data-publikacja\" datetime=\"2017-12-05\">5 grudnia 2017 r. <\/time> <br>Data ostatniej istotnej aktualizacji: <time id=\"a11y-data-aktualizacja\" datetime=\"2023-10-03\">3 pa\u017adziernika 2020 r.<\/time><\/p>\n\n\n\n<h2 class=\"wp-block-heading\"><strong>Dane teleadresowe jednostki<\/strong><\/h2>\n\n\n\n<p>Dom Wczas\u00f3w Dzieci\u0119cych w Jod\u0142\u00f3wce Tuchowskiej<br>Jod\u0142\u00f3wka Tuchowska 275 B, 33 \u2013 173 Jod\u0142\u00f3wka Tuchowska<\/p>\n\n\n\n<h2 class=\"wp-block-heading\"><strong>Stan dost\u0119pno\u015bci cyfrowej<\/strong><\/h2>\n\n\n\n<p id=\"a11y-status\">Ta strona internetowa jest niezgodna z za\u0142\u0105cznikiem do ustawy z dnia 4 kwietnia 2019 r. o dost\u0119pno\u015bci cyfrowej stron internetowych i aplikacji mobilnych podmiot\u00f3w publicznych z powodu niezgodno\u015bci i wy\u0142\u0105cze\u0144 wymienionych poni\u017cej.<\/p>\n\n\n\n<h2 class=\"wp-block-heading\"><strong>Niedost\u0119pne tre\u015bci<\/strong><\/h2>\n\n\n\n<h2 class=\"wp-block-heading\"><strong>Niezgodno\u015b\u0107 z za\u0142\u0105cznikiem<\/strong><\/h2>\n\n\n\n<p id=\"a11y-ocena\">Informacje zamieszczone w formie za\u0142\u0105cznik\u00f3w nie s\u0105 dost\u0119pne cyfrowo poniewa\u017c zosta\u0142y przekazane do publikacji w postaci papierowej wymagaj\u0105cej przetworzenia do postaci elektronicznej (skany).<\/p>\n\n\n\n<p>Informacje zamieszczone w formie artyku\u0142\u00f3w lub za\u0142\u0105cznik\u00f3w nie s\u0105 dost\u0119pne cyfrowo w ca\u0142o\u015bci poniewa\u017c zosta\u0142y opublikowane przed dniem 23 wrze\u015bnia 2018 r. lub nie s\u0105 wykorzystywane do realizacji bie\u017c\u0105cych zada\u0144 DWD.<\/p>\n\n\n\n<p>Cz\u0119\u015b\u0107 z publikowanych zdj\u0119\u0107 nie posiada poprawnego opisu alternatywnego.<\/p>\n\n\n\n<p>Brak wersji strony na urz\u0105dzenia mobline.<\/p>\n\n\n\n<h2 class=\"wp-block-heading\"><strong>Przygotowanie deklaracji dost\u0119pno\u015bci<\/strong><\/h2>\n\n\n\n<p>\n<ul>\n<li>Data sporz\u0105dzenia deklaracji: <time id=\"a11y-data-sporzadzenie\" datetime=\"2021-03-09\">9 marca 2021 roku<\/time><\/li>\n<li>Data ostatniego przegl\u0105du deklaracji: <time id=\"a11y-data-przeglad\" datetime=\"2025-04-15\">15 kwietnia 2025 r oku.<\/time><\/li>\n<\/ul>\n<\/p>\n\n\n\n<p>Deklaracj\u0119 sporz\u0105dzono na podstawie samooceny w oparciu o List\u0119 kontroln\u0105 do badania dost\u0119pno\u015bci cyfrowej strony internetowej.<\/p>\n\n\n\n<p>Strona internetowa jest cz\u0119\u015bciowo zgodna z ustaw\u0105 o dost\u0119pno\u015bci cyfrowej stron internetowych i aplikacji mobilnych podmiot\u00f3w publicznych z powodu niezgodno\u015bci lub wy\u0142\u0105cze\u0144 wymienionych poni\u017cej:<br>\u2013 zamieszczone na stronie podmiotowej informacje publiczne, w postaci za\u0142\u0105cznik\u00f3w, nie s\u0105 dost\u0119pne cyfrowo w ca\u0142o\u015bci \u2013 zosta\u0142y opublikowane przed wej\u015bciem w \u017cycie ustawy o dost\u0119pno\u015bci cyfrowej lub nie s\u0105 wykorzystywane do bie\u017c\u0105cych zada\u0144,<br>\u2013 filmy nie posiadaj\u0105 napis\u00f3w,<br>\u2013 cz\u0119\u015b\u0107 z opublikowanych zdj\u0119\u0107 nie posiada opisu alternatywnego, maj\u0105 one charakter promocyjny,<br>\u2013 strona zawiera dokumenty PDF, kt\u00f3re powsta\u0142y na podstawie dokument\u00f3w bez poprawnie zaznaczonej logicznej struktury, lub PDF s\u0105 skanami dokument\u00f3w,<br>\u2013 filmy zosta\u0142y opublikowane przed wej\u015bciem w \u017cycie ustawy o dost\u0119pno\u015bci cyfrowej,<br>\u2013 poprawienie dost\u0119pno\u015bci strony wi\u0105\u017ce si\u0119 z ograniczeniami technicznymi.<\/p>\n\n\n\n<h2 class=\"wp-block-heading\"><strong>Udogodnienia, ograniczenia i inne informacje<\/strong><\/h2>\n\n\n\n<p>Strona internetowa Domu Wczas\u00f3w Dzieci\u0119cych w Jod\u0142\u00f3wce Tuchowskiej posiada u\u0142atwienia dla os\u00f3b z niepe\u0142nosprawno\u015bciami:<\/p>\n\n\n\n<ul class=\"wp-block-list\">\n<li>nawigacja klawiatur\u0105,<\/li>\n\n\n\n<li>zmiana kontrastu,<\/li>\n\n\n\n<li>mo\u017cliwo\u015b\u0107 powi\u0119kszenia wielko\u015bci liter.<\/li>\n<\/ul>\n\n\n\n<h2 class=\"wp-block-heading\"><strong>Skr\u00f3ty klawiszowe<\/strong><\/h2>\n\n\n\n<p>Na stronie podmiotowej mo\u017cna korzysta\u0107 ze standardowych skr\u00f3t\u00f3w klawiaturowych przegl\u0105darki.<\/p>\n\n\n\n<h2 class=\"wp-block-heading\">I<strong>nformacje zwrotne i dane kontaktowe<\/strong><\/h2>\n\n\n\n<p>W przypadku problem\u00f3w z dost\u0119pno\u015bci\u0105 strony internetowej prosimy o kontakt telefoniczny (nr. tel. 14 652 68 24) lub e-mailowy (turnusy@dwdjt.pl.). Osob\u0105 odpowiedzialn\u0105 jest Pani Edyta R\u0105pa\u0142a \u2013 referent ds. organizacji turnus\u00f3w w Domu Wczas\u00f3w Dzieci\u0119cych w Jod\u0142\u00f3wce Tuchowskiej. <br>Ka\u017cdy ma prawo wyst\u0105pi\u0107 z \u017c\u0105daniem zapewnienia dost\u0119pno\u015bci cyfrowej tej strony internetowej lub jej element\u00f3w. Zg\u0142aszaj\u0105c takie \u017c\u0105danie podaj:<\/p>\n\n\n\n<ul class=\"wp-block-list\">\n<li>swoje imi\u0119 i nazwisko,<\/li>\n\n\n\n<li>swoje dane kontaktowe,<\/li>\n\n\n\n<li>dok\u0142adny adres strony internetowej, na kt\u00f3rej jest niedost\u0119pny cyfrowo element lub tre\u015b\u0107,<\/li>\n\n\n\n<li>opis na czym polega problem i jaki spos\u00f3b jego rozwi\u0105zania by\u0142by dla Ciebie najwygodniejszy.<\/li>\n<\/ul>\n\n\n\n<p>Na Twoje zg\u0142oszenie odpowiemy jak najszybciej jak to mo\u017cliwe, nie p\u00f3\u017aniej ni\u017c w ci\u0105gu 7 dni od dnia jego otrzymania. Je\u015bli ten termin b\u0119dzie dla nas zbyt kr\u00f3tki poinformujemy Ci\u0119 o tym. W tej informacji podamy nowy termin, do kt\u00f3rego poprawimy zg\u0142oszone przez Ciebie b\u0142\u0119dy lub przygotujemy informacje w alternatywny spos\u00f3b. Ten nowy termin nie b\u0119dzie d\u0142u\u017cszy ni\u017c 2 miesi\u0105ce.<\/p>\n\n\n\n<p>Je\u017celi nie b\u0119dziemy w stanie zapewni\u0107 dost\u0119pno\u015bci cyfrowej strony internetowej lub tre\u015bci wskazanej w Twoim \u017c\u0105daniu, zaproponujemy Ci dost\u0119p do nich w alternatywny spos\u00f3b.<\/p>\n\n\n\n<h2 class=\"wp-block-heading\"><strong>Obs\u0142uga wniosk\u00f3w i skarg zwi\u0105zanych z dost\u0119pno\u015bci\u0105<\/strong><\/h2>\n\n\n\n<p class=\"has-text-align-left\" id=\"a11y-procedura\">Je\u017celi w odpowiedzi na Tw\u00f3j wniosek o zapewnienie dost\u0119pno\u015bci cyfrowej, odm\u00f3wimy zapewnienia \u017c\u0105danej przez Ciebie dost\u0119pno\u015bci cyfrowej, a Ty nie zgadzasz si\u0119 z t\u0105 odmow\u0105, masz prawo z\u0142o\u017cy\u0107 skarg\u0119. Skarg\u0119 masz prawo z\u0142o\u017cy\u0107 tak\u017ce, je\u015bli nie zgadzasz si\u0119 na skorzystanie z alternatywnego sposobu dost\u0119pu, kt\u00f3ry zaproponowali\u015bmy Ci w odpowiedzi na Tw\u00f3j wniosek o zapewnienie dost\u0119pno\u015bci cyfrowej. <\/p>\n\n\n\n<p>Ewentualn\u0105 skarg\u0119 z\u0142\u00f3\u017c listownie lub e-mailem do naszej plac\u00f3wki:<\/p>\n\n\n\n<p id=\"a11y-kontakt\">Edyta R\u0105pa\u0142a &#8211; referent ds. organizacji turnus\u00f3w<\/p>\n\n\n\n<p>adres: 33-173 Jod\u0142\u00f3wka Tuchowska 275 B<\/p>\n\n\n\n<p id=\"a11y-telefon\">Telefon: +48 146526824<\/p>\n\n\n\n<p id=\"a11y-email\">e-mail: turnusy@jdwdjt.pl<\/p>\n\n\n\n<p>Mo\u017cesz tak\u017ce poinformowa\u0107 o tej sytuacji Rzecznika Praw Obywatelskich i poprosi\u0107 o interwencj\u0119 w Twojej sprawie.<\/p>\n\n\n\n<p>Link do strony internetowej Rzecznika Praw Obywatelskich:<br><a href=\"https:\/\/www.rpo.gov.pl\/pl\">https:\/\/www.rpo.gov.pl\/pl<\/a><\/p>\n\n\n\n<h2 class=\"wp-block-heading\"><strong>Dost\u0119pno\u015b\u0107 architektoniczna<\/strong><\/h2>\n\n\n\n<p id=\"a11y-architektura\">Siedziba Domu Wczas\u00f3w Dzieci\u0119cych w Jod\u0142\u00f3wce Tuchowskiej mie\u015bci si\u0119 w budynku kt\u00f3rego adres to: Jod\u0142\u00f3wka Tuchowska 275 B, 33- 173 Jod\u0142\u00f3wka Tuchowska, gmina Tuch\u00f3w, przystosowana zosta\u0142a do obs\u0142ugi os\u00f3b niepe\u0142nosprawnych w nast\u0119puj\u0105cym zakresie:<\/p>\n\n\n\n<p>Wej\u015bcie do administracji obiektu znajduj\u0105ce si\u0119 na parterze, bez wi\u0119kszych przeszk\u00f3d (niski pr\u00f3g), drzwi frontowe jednoskrzyd\u0142owe \u2013 posiadaj\u0105 szeroko\u015b\u0107 pozwalaj\u0105c\u0105 na przemieszczanie si\u0119 w\u00f3zk\u00f3w inwalidzkich. Drugie wej\u015bcie to jedno z wej\u015b\u0107 do pomieszcze\u0144 mieszkalnych znajduj\u0105ce si\u0119 na parterze, bez wi\u0119kszych przeszk\u00f3d (niski pr\u00f3g), drzwi frontowe jednoskrzyd\u0142owe \u2013 posiadaj\u0105 szeroko\u015b\u0107 pozwalaj\u0105c\u0105 na przemieszczanie si\u0119 w\u00f3zk\u00f3w inwalidzkich. Pierwsze miejsce parkingowe od wjazdu g\u0142\u00f3wn\u0105 bram\u0105, utwardzone kostk\u0105 brukow\u0105 wyznaczone zosta\u0142o jako oznakowane miejsce parkingowe dla os\u00f3b z niepe\u0142nosprawno\u015bci\u0105. Budynek DWD w Jod\u0142\u00f3wce Tuchowskiej pozwala na dost\u0119p os\u00f3b niepe\u0142nosprawnych na w\u00f3zkach inwalidzkich jedynie na poziomie parteru, gdzie usytuowane s\u0105 pomieszczenia administracji (dostosowane dla os\u00f3b niepe\u0142nosprawnych), gabinet dyrektora, pomieszczenia socjalne, gabinet piel\u0119gniarki, pok\u00f3j wychowawc\u00f3w oraz szereg sypialni z w\u0119z\u0142ami sanitarnymi (jedna z sypialnia z \u0142azienk\u0105 i toalet\u0105, dostosowana jest do potrzeb os\u00f3b niepe\u0142nosprawnych ruchowo). Jedna z toalet znajduj\u0105ca si\u0119 w cz\u0119\u015bci administracyjnej jest dostosowana dla potrzeb os\u00f3b niepe\u0142nosprawnych. Na parterze innego budynku znajduj\u0119 si\u0119 jadalnia dostosowana do przyjmowania os\u00f3b niepe\u0142nosprawnych (szerokie drzwi, niskie progi).<\/p>\n\n\n\n<p>Wchodz\u0105c na teren Domu Wczas\u00f3w Dzieci\u0119cych nale\u017cy uda\u0107 si\u0119 do cz\u0119\u015bci administracyjnej, pracownik sekretariatu pomo\u017ce w dalszych czynno\u015bciach i rozeznaniu sprawy, z kt\u00f3r\u0105 Pa\u0144stwo przybyli\u015bcie. Nast\u0119pnie zostanie poproszona osoba realizuj\u0105ca dany zakres spraw i pomo\u017ce w kolejnych etapach realizacji Pa\u0144stwa sprawy.<\/p>\n\n\n\n<p>Osoba nieuprawniona nie mo\u017ce samodzielnie porusza\u0107 si\u0119 po budynkach Domu Wczas\u00f3w Dzieci\u0119cych.<\/p>\n\n\n\n<p>Do cz\u0119\u015bci budynk\u00f3w znajduj\u0105cych si\u0119 na pi\u0119trze prowadz\u0105 schody oznaczone kontrastowo, po kt\u00f3rych nie mo\u017ce porusza\u0107 si\u0119 osoba poruszaj\u0105ca si\u0119 na w\u00f3zku inwalidzkim. Schody posiadaj\u0105 jednostronne por\u0119cze.<\/p>\n\n\n\n<p>W przypadku potrzeby doprecyzowania wskazanych informacji na temat dost\u0119pno\u015bci architektonicznej osob\u0105 kontaktow\u0105 jest Pan Andrzej Sutkowski, adres poczty elektronicznej: kierownik-gospodarczy@dwdjt.pl. Kontaktowa\u0107 mo\u017cna si\u0119 tak\u017ce dzwoni\u0105c na numer telefonu 14 652 68 24 w. 103.<\/p>\n\n\n\n<h2 class=\"wp-block-heading\"><strong>Dost\u0119pno\u015b\u0107 komunikacyjno-informacyjna<\/strong><\/h2>\n\n\n\n<p id=\"a11y-komunikacja\">Budynki zlokalizowane w Domu Wczas\u00f3w Dzieci\u0119cych w Jod\u0142\u00f3wce Tuchowskiej cz\u0119\u015bciowo spe\u0142niaj\u0105 wymagania okre\u015blone w ustawie z 19 lipca 2019 r. o zapewnianiu dost\u0119pno\u015bci osobom ze szczeg\u00f3lnymi potrzebami w zakresie dost\u0119pno\u015bci architektonicznej. <\/p>\n\n\n\n<p>Budynek Domu Wczas\u00f3w Dzieci\u0119cych jest dost\u0119pny dla os\u00f3b z psem asystuj\u0105cym i psem przewodnikiem.<\/p>\n\n\n\n<p>Strona internetowa www.dwdjt.pl posiada nast\u0119puj\u0105ce u\u0142atwienia:<strong><br><\/strong>\u2013 powi\u0119kszanie \/ pomniejszanie tekstu,<br>\u2013 wysoki kontrast,<br>\u2013 odwr\u00f3cone kolory,<br>\u2013 jasne t\u0142o,<br>\u2013 podkre\u015blanie link\u00f3w,<br>\u2013 czytelna czcionka<\/p>\n\n\n\n<p>W budynku Domu Wczas\u00f3w Dzieci\u0119cych znajduje si\u0119 p\u0119tla indukcyjna.<\/p>\n\n\n\n<p>W okolicy budynku nie ma urz\u0105dze\u0144 d\u017awi\u0119kowych naprowadzaj\u0105cych osoby niewidome i s\u0142abowidz\u0105ce.<\/p>\n\n\n\n<p>W budynku znajduj\u0105 si\u0119 oznaczenia w alfabecie Braille\u2019a, brak oznacze\u0144 kontrastowych lub w druku powi\u0119kszonym dla os\u00f3b niewidomych i s\u0142abowidz\u0105cych.<\/p>\n\n\n\n<p>W budynku Domu Wczas\u00f3w Dzieci\u0119cych brak jest dost\u0119pu do windy.<\/p>\n\n\n\n<h2 class=\"wp-block-heading\"><strong>Pozosta\u0142e informacje<\/strong><\/h2>\n\n\n\n<h2 class=\"wp-block-heading\"><strong>J\u0119zyk migowy<\/strong><\/h2>\n\n\n\n<p>Po\u0142\u0105czenie z Domem Wczas\u00f3w Dzieci\u0119cych z pomoc\u0105 t\u0142umacza j\u0119zyka migowego nie jest mo\u017cliwe<\/p>\n\n\n\n<h2 class=\"wp-block-heading\"><strong>Aplikacje mobilne<\/strong><\/h2>\n\n\n\n<p>Dom Wczas\u00f3w Dzieci\u0119cych w Jod\u0142\u00f3wce Tuchowskiej nie posiada i nie oferuje aplikacji mobilnych.<\/p>\n\n\n\n<p>Zdj\u0119cia nie posiadaj\u0105 poprawnego opisu alternatywnego. Brak napis\u00f3w do film\u00f3w dla os\u00f3b nies\u0142ysz\u0105cych i g\u0142uchych. Brak wersji strony na urz\u0105dzenia mobilne.<\/p>\n\n\n\n<h2 class=\"wp-block-heading\"><strong>Tre\u015bci nieobj\u0119te przepisami<\/strong><\/h2>\n\n\n\n<h2 class=\"wp-block-heading\"><strong>Nadmierne koszty<\/strong><\/h2>\n","protected":false},"excerpt":{"rendered":"<p>Deklaracja dost\u0119pno\u015bci Dom Wczas\u00f3w Dzieci\u0119cych w Jod\u0142\u00f3wce Tuchowskiej zobowi\u0105zuje si\u0119 zapewni\u0107 dost\u0119pno\u015b\u0107 swojej strony internetowej zgodnie z ustaw\u0105 z dnia 4 kwietnia 2019 r. o dost\u0119pno\u015bci cyfrowej stron internetowych i &#8230;<\/p>\n","protected":false},"author":1,"featured_media":0,"parent":0,"menu_order":0,"comment_status":"closed","ping_status":"closed","template":"","meta":{"footnotes":""},"class_list":["post-1657","page","type-page","status-publish","hentry"],"_links":{"self":[{"href":"https:\/\/dwdjt.pl\/index.php?rest_route=\/wp\/v2\/pages\/1657","targetHints":{"allow":["GET"]}}],"collection":[{"href":"https:\/\/dwdjt.pl\/index.php?rest_route=\/wp\/v2\/pages"}],"about":[{"href":"https:\/\/dwdjt.pl\/index.php?rest_route=\/wp\/v2\/types\/page"}],"author":[{"embeddable":true,"href":"https:\/\/dwdjt.pl\/index.php?rest_route=\/wp\/v2\/users\/1"}],"replies":[{"embeddable":true,"href":"https:\/\/dwdjt.pl\/index.php?rest_route=%2Fwp%2Fv2%2Fcomments&post=1657"}],"version-history":[{"count":63,"href":"https:\/\/dwdjt.pl\/index.php?rest_route=\/wp\/v2\/pages\/1657\/revisions"}],"predecessor-version":[{"id":2165,"href":"https:\/\/dwdjt.pl\/index.php?rest_route=\/wp\/v2\/pages\/1657\/revisions\/2165"}],"wp:attachment":[{"href":"https:\/\/dwdjt.pl\/index.php?rest_route=%2Fwp%2Fv2%2Fmedia&parent=1657"}],"curies":[{"name":"wp","href":"https:\/\/api.w.org\/{rel}","templated":true}]}}